= 8*x - 14 - 6*x - 6*x - x**3 + 3*x + 8*x**2. Calculate the remainder when t(7) is divided by k(-4).
4
Suppose -6 + 15 = 3*k. Let o be 2/7 + (-66)/(-14). Suppose 3*h + o = 4*c - 0*c, -15 = -k*c. Calculate the remainder when h is divided by 3.
2
Let r(j) = j + 13. Let g be r(-10). Suppose g*x + 0*x = 12. Calculate the remainder when 15 is divided by x.
3
Let y = 9 - -18. Calculate the remainder when y is divided by 1*5 - (-12 + 11).
3
Let a(l) be the third derivative of l**4/24 - 4*l**3/3 - 28*l**2. Let r = -10 + 19. What is the remainder when 3 is divided by a(r)?
0
Let a(r) = -8*r - 66. Let v(m) = -m**3 + 9*m**2 - 11*m + 6. Calculate the remainder when v(7) is divided by a(-10).
13
Let q(c) = -114*c + 7526. Let a = 4 + -3. Calculate the remainder when q(66) is divided by a.
0
Let y = -66 - -70. Suppose -b - 1 = d - 12, y*d - 65 = 3*b. What is the remainder when d is divided by 8/(1/(1 - 0))?
6
Let r(t) = -16*t - 282. Calculate the remainder when r(-35) is divided by 35.
33
Suppose 5*j + 3*f - 137 = 0, -4*j - 4*f - 6 = -122. What is the remainder when j is divided by 7?
4
Suppose 17*y - 183 = 4. Suppose -5*a = -201 + y. Calculate the remainder when a is divided by 7.
3
Suppose 54*r = 45*r + 702. What is the remainder when 378 is divided by r?
66
Suppose 8*p + 119 = 455. Calculate the remainder when p is divided by 3.
0
Suppose 5*n = 3*n + 10. Suppose -n*h - 12 + 122 = 0. Calculate the remainder when 218 is divided by h.
20
Let d be -3 + -1 - (-97 - -34). Let c = 40 + -24. Let a = d - c. What is the remainder when a is divided by 11?
10
Suppose -5*m - 593 = -2*k, -2*k + 6*k = -3*m + 1199. What is the remainder when k is divided by 20?
19
Suppose -56 - 40 = -6*v. What is the remainder when 93 is divided by v?
13
Suppose -4*i + 135 - 2488 = -5*o, 2*i + 473 = o. Calculate the remainder when o is divided by 43.
39
Let g(b) = b**2 - 13*b + 104. Calculate the remainder when 184 is divided by g(8).
56
Suppose 14*q + 22*q = 2376. Calculate the remainder when q is divided by ((-46)/8)/(3/(-12)).
20
Let d(v) = -v**3 + 5*v**2 - 2*v - 5. Let z be d(5). Let t be (-2)/6 - 395/z. Let a = -12 + t. Calculate the remainder when 40 is divided by a.
12
Let m = 136 - -79. Let q = -182 + m. What is the remainder when q is divided by (-1)/((-2)/4) + 10?
9
Let r(f) = -4*f - 2. Let l be 2 + -2*3 + -2. Suppose 24*h + h - 1625 = 0. Calculate the remainder when h is divided by r(l).
21
Suppose 5*u = 3*u - 80. Let p = 31 - u. What is the remainder when p is divided by 49/2 - 3/6?
23
Let i = -98 - -135. Calculate the remainder when 257 is divided by i.
35
Calculate the remainder when 66 is divided by (-13 - -18) + 1 + 3.
3
Suppose 4*f + 2149 = 3*w + 410, 5 = -f. Calculate the remainder when w is divided by 24.
21
Let v be (68/(-6))/(4/(-30)). Suppose -2*u - 3*u + 5*l = -v, 0 = 2*u + 5*l - 48. What is the remainder when u is divided by 10?
9
Let b = 2820 - 2808. Suppose 2*n - 115 = -t, 3*t = -t - 12. Calculate the remainder when n is divided by b.
11
Suppose -b + 36 = b + 4*z, 2*z - 48 = -4*b. Suppose -s = s - b. Let r(w) = w**3 - 6*w**2 + 8*w - 5. Calculate the remainder when 17 is divided by r(s).
7
Let l(p) = -p**3 + 19*p**2 + 6*p + 54. What is the remainder when l(19) is divided by 9?
6
Suppose -1441 = -18*d + 1169. Calculate the remainder when 1592 is divided by d.
142
Suppose 15*q - 16 = 13*q. Let f = -19 + -48. Let l = f + 96. What is the remainder when l is divided by q?
5
Let g(p) be the second derivative of 7*p**3 + p**2/2 - 17*p. Calculate the remainder when g(2) is divided by 11.
8
Let g = 1022 - 583. Calculate the remainder when g is divided by 34.
31
Let w(g) = 2*g**2 + 17. Suppose -5*o + 7 = v, 48 = 3*v + 4*o - 6. What is the remainder when w(10) is divided by v?
19
Let v be (-836)/16*(-12)/(-3). Let f(j) = -j**3 + 6*j**2 + 11*j - 9. Calculate the remainder when (-3)/(12/v) + 96/128 is divided by f(7).
15
Let n(q) be the first derivative of -q**4/4 - 4*q**3 - 6*q**2 - 8*q + 17. Calculate the remainder when 13 is divided by n(-11).
1
Suppose -2*b + 11*b = 414. What is the remainder when 132 is divided by b?
40
Suppose -25*f + 20*f = -5, 2*c + 5*f - 123 = 0. What is the remainder when c is divided by 22?
15
Let o = -20 - -42. Let x(h) = -15*h + 403. What is the remainder when o is divided by x(26)?
9
Let k = 75 + -147. Let f be ((-3)/(-6))/(3/k). What is the remainder when 14 - f/4 - 0 is divided by 7?
3
Suppose 0 = 3*b - 4*g - 21, 0 = 5*g + 25 - 10. Let p = 34 + b. Calculate the remainder when p is divided by 17.
3
Let q(y) = 88*y - 3*y**2 + 2*y**3 - 10 - 2*y**2 - 80*y. What is the remainder when q(4) is divided by 20?
10
Let o = -34 + 34. Calculate the remainder when 52 is divided by -3 - (4 - 21) - o.
10
Let t be (1 + -19)*30/(-45). Suppose -t + 32 = 5*f. Let w = 4 + f. Calculate the remainder when w is divided by 5.
3
Let c(a) = a + 7. Let r = -163 - -172. What is the remainder when r is divided by c(-3)?
1
Let s(l) = -l**3 + 6*l**2 - 2*l + 8. Let c be s(6). Let u(w) = -5*w - 7. Calculate the remainder when u(c) is divided by 3.
1
Suppose -11 = 2*z + 1. Let a = z - -9. Suppose i = -a*i + 172. What is the remainder when i is divided by 23?
20
Let m(b) = 16*b**3 + 1. Suppose 205 - 324 = -24*t + 25. What is the remainder when m(1) is divided by t?
5
Let y = 16634 - 16554. Let v = 21 - 0. What is the remainder when y is divided by v?
17
Let t(s) = -2*s - 27. Let v be t(19). Let m be 14/(-1) + 4/(-1). Let f = m - v. What is the remainder when f is divided by 13?
8
Let n(t) = t**3 - 14*t**2 + 33*t + 5. What is the remainder when 128 is divided by n(11)?
3
Let n be (-3)/2*(-10)/3. Suppose 57 = -2*z + n*z. Let h(b) = -11*b - 1. What is the remainder when h(-5) is divided by z?
16
Suppose -10*m + 60 = -5*m. Calculate the remainder when 70 is divided by m.
10
Suppose -80*x + 525 = -73*x. What is the remainder when 269 is divided by x?
44
Let z = 37 + -33. Suppose 3*a = 2*v + 12, -a = v - 3*v - z. Suppose -l = -4*l + 15. Calculate the remainder when l is divided by a.
1
What is the remainder when ((-26)/(-13))/(2/127) is divided by 45?
37
Let t = -28 + 54. Let c = 304 - 202. What is the remainder when c is divided by t?
24
Calculate the remainder when (-5)/(315/(-18)) - (-1863)/21 is divided by 30.
29
What is the remainder when 54 is divided by ((-69)/18)/((-6)/36)?
8
Let t(c) = 11*c**2 - 3*c - 2. Let h be t(-3). What is the remainder when (h/(-8))/(4/(-16)) is divided by 18?
17
Suppose 3*m = 0, -5*j + 3*m + 16 = -j. Suppose -h + 10 = -2*f - f, -8 = -j*f. Calculate the remainder when h is divided by 8.
0
Suppose 672 - 808 = -4*x. Calculate the remainder when 213 is divided by x.
9
Calculate the remainder when 42 is divided by ((-2)/(-3))/2 + 650/39.
8
Suppose 0 = 33*j - 58*j + 800. What is the remainder when 124 is divided by j?
28
Suppose -3*w = 0, -2*f - w = -2*w - 22. Suppose f*v - 13*v = -142. Calculate the remainder when v is divided by 37.
34
Let h(d) = -3*d**2 + 75*d + 361. Suppose -3 - 34 = -o. Calculate the remainder when (-1 - -2)/(1/o) is divided by h(29).
11
Let y = 717 - 667. Let v(k) = 2 + 4*k - 4*k**2 + 5*k**2 + 3. Calculate the remainder when y is divided by v(-6).
16
Let p(n) = -3 - 11 - 25*n**2 - 28*n - 7 - 13 - n**3. Calculate the remainder when p(-24) is divided by 34.
28
Let j = 103 + -93. Suppose j*s - 18*s = -8. What is the remainder when s is divided by 1?
0
Suppose 94*c = 106*c - 360. What is the remainder when 207 is divided by c?
27
Let p(b) = -2*b**3 - 12*b**2 + 7. Calculate the remainder when p(-6) is divided by 2.
1
What is the remainder when 49 is divided by ((1 - 1)/(-5) - 1)*-5?
4
Let d be (21/6 + -2)*(-4)/(-6). Suppose v = -p + 33, -d + 26 = v - p. What is the remainder when v is divided by 16?
13
Let b = -16 - -28. Suppose -b*s + 8*s + 8 = 0. Suppose -10 = s*a, -4*z + 23 + 11 = 2*a. What is the remainder when 19 is divided by z?
8
Let i(d) = 2*d**2 - 5*d + 7. Let j be i(5). Let u = j - -19. Calculate the remainder when u is divided by 14.
9
Let p = -255 - -278. Let f be 2/6 + 112/6. Suppose 5*b - f = 41. What is the remainder when p is divided by b?
11
Let v = 5 - -2. Let f = 110 + -83. Calculate the remainder when f is divided by v.
6
Let v(n) = 41*n + 255. What is the remainder when v(16) is divided by 16?
15
Calculate the rema